*w + 10*w + 93042. What are the prime factors of n?
2, 3, 11, 47
Suppose -21*z = -30*z + 234. What are the prime factors of -2*(-14055)/z + (-40)/260?
23, 47
Suppose -4*m + 362 = -2*v, -5*v = -12*m + 7*m + 450. Let i be (-12)/5 + (-8)/(-20). Let f = m + i. List the prime factors of f.
89
What are the prime factors of 1/(60/38100*(-5)/(-28))?
2, 7, 127
Let d be ((-45)/(-5) - 7)*1385. Suppose -o - 3*g + 892 + 488 = 0, -2*o = -4*g - d. What are the prime factors of o?
3, 461
Let b = 43 + -39. Suppose b*j = 14 + 2. Suppose 2*v - 134 = 5*z, -3*v + 4*z + 183 + j = 0. What are the prime factors of v?
3, 19
Let n = 23 - -429. Let o = n + -255. What are the prime factors of o?
197
Suppose 0 = -2*r - 3*t + 16 - 12, r - 4*t - 2 = 0. Let h(o) = 90*o**2 - 7*o + 10. What are the prime factors of h(r)?
2, 89
Let j = -3 + -7. Let b(c) = -c**2 + 1. Let f(p) = p - 25. Let r(l) = -b(l) + f(l). What are the prime factors of r(j)?
2
Let t(l) = l**3 + 20*l**2 - l - 13. Let y be t(-20). Suppose -y = i - 10. Suppose -3*h + 362 = 4*w, 2*h - 130 = -i*w + 113. List the prime factors of h.
2, 3, 19
Suppose 5*r + 2*c - 125305 = 0, -884*r - c = -887*r + 75183. List the prime factors of r.
19, 1319
Let w(o) = -o**2 - o + 2. Let u be w(0). Let s(a) = -1 + u*a**2 + 4*a + 0*a**2 - 2 - 6. What are the prime factors of s(4)?
3, 13
Let b(q) = 11*q + 139. Let v be b(-11). Suppose v*u - 1636 - 1280 = 0. List the prime factors of u.
2, 3
Let f(w) = 24*w**2 + 47*w - 26. Let d(s) = -11*s**2 - 24*s + 13. Let y(z) = 7*d(z) + 3*f(z). List the prime factors of y(-4).
41
Let l = 58358 - 33118. What are the prime factors of l?
2, 5, 631
Let w be (-33222)/(-39) - ((-76)/(-13) + -6). Suppose 0 = 3*b - 8*b - 5*y + 1050, 0 = 4*b - 2*y - w. List the prime factors of b.
2, 53
Let y be (-90)/(-21)*84/18. Suppose -y*k + 22*k = -664. Let z = k - -600. What are the prime factors of z?
2, 67
Suppose 3*w - 18 = -k + 5, -5*k - 3*w = -127. Let p = k + 10. List the prime factors of p.
2, 3
List the prime factors of (10 + -9)*8/(48/2538).
3, 47
Let t = -326 - -556. Suppose -3*c + 169 = -t. What are the prime factors of c/3*48/16?
7, 19
Suppose 725*u = 710*u + 509130. What are the prime factors of u?
2, 3, 5657
Let i = 1 + 3. Suppose -2*c - 3*t - t = -438, t = -i*c + 904. Let u = -160 + c. List the prime factors of u.
67
Suppose 0 = 273*f - 268*f. Let v(p) = -2*p**3 - p + 134. What are the prime factors of v(f)?
2, 67
Let v(o) = o**3 - 11*o**2 - 4*o + 6. Let u = -178 - -191. What are the prime factors of v(u)?
2, 73
Let b(l) be the first derivative of -11*l**2 + 19*l - 14. Let w = 184 + -192. What are the prime factors of b(w)?
3, 5, 13
Let r = -31 - -312. Suppose -r = 2*d - 1581. List the prime factors of d.
2, 5, 13
Suppose -21 - 1 = -2*d. Suppose 6*n + 15 = d*n. Suppose 0*v + v + n = 0, 2*v = 5*j - 121. List the prime factors of j.
23
Let f = 262 + -262. Suppose -4*w - 592 + 3516 = f. What are the prime factors of w?
17, 43
Let d be (-6)/(-15) + 17/(-5). Let o(n) = -2*n**3 - 2*n**2 + 6. Let q be o(d). Suppose 2*k - q = -k - 3*v, 2*k + 4*v = 34. List the prime factors of k.
11
Let x(c) be the first derivative of c**3/3 + 11*c**2/2 + 23*c - 1. Let d be x(-3). Let k(u) = 30*u**2. List the prime factors of k(d).
2, 3, 5
Let t = -14 - -17. Let a be (9/(-15) - t/(-5))/(-1). Suppose -5*w + 230 = 5*r, a*w - 5*r = 3*w - 148. What are the prime factors of w?
41
Let h = 37 + 9. Suppose -2*c - 4*q = -c - h, -5*q = -5. Let v = 167 - c. What are the prime factors of v?
5
Let p(v) = -138*v + 5. Let j be p(-2). Let f be j + (-4 + 1 - -7). Suppose f = 5*a + 5*z, -67 - 222 = -5*a - 3*z. List the prime factors of a.
59
Suppose 0 = 5*l - 3*n + 572, n = -l - 61 - 55. Let k = l - -367. List the prime factors of k.
2, 3, 7
Let z(g) = 5*g - 3. Let m be z(8). Let h = m - -29. Let u = -55 + h. What are the prime factors of u?
11
Let l(s) = 10*s**3 + 18*s**2 - 25*s + 69. What are the prime factors of l(11)?
2, 3, 283
Let v = 53 - 51. Suppose -3*d = -2*t - 2, -3*d = -t + v*t + 1. Suppose d*k + 93 = 3*k. List the prime factors of k.
31
Let y be 28/(-238) + -2 + 35704/34. Suppose 176*w - y = 172*w. List the prime factors of w.
2, 131
Suppose 5*h - 3*g - 645 = 0, 3*h + 2*g = 7*g + 403. Let o = h - 73. List the prime factors of o.
53
Suppose -4*a - 5*a + 23687 = -10801. What are the prime factors of a?
2, 479
Let x be (-2*2)/((-3)/3). Let n(p) = -36*p - 462. Let v be n(-13). Suppose -x*u - 86 = -c, v*c = c - 5*u + 405. What are the prime factors of c?
2, 41
Suppose 0 = 14*y + 41 + 43. Let p be 0/(5*y/(-15) - 3). Suppose 5*h - 87 + 7 = p. List the prime factors of h.
2
Suppose 0 = 3*m + 2*t - 18, -21 + 19 = m - 2*t. Suppose 1056 = 3*a - 2*a - 5*i, 0 = -m*a - 3*i + 4178. List the prime factors of a.
2, 523
Let n(p) = 1. Let s(v) = 26*v + 30. Let c(l) = 14*n(l) - 2*s(l). What are the prime factors of c(-6)?
2, 7, 19
Suppose -4*h - 12 = 2*a + 12, 0 = -5*h + 5*a. Let x be 224/(4 + 14/h). Suppose -t - x = -5*t. List the prime factors of t.
2, 7
Suppose -5*i + 15 = 0, -27*r + 28*r + 4*i - 14413 = 0. List the prime factors of r.
14401
What are the prime factors of 13146063/882 + (-2)/(-12)?
5, 11, 271
Suppose 2*o - 2 - 6 = 2*x, -5*o - 5*x - 30 = 0. Suppose -s + 4*y - 7 = -4, 2*y + 16 = 4*s. List the prime factors of o*(-4 + s*-35).
179
Suppose -2*f + 5 = 7. List the prime factors of f + 1 - (-38 - 198).
2, 59
Let g be (-2)/(-7)*(6870/6 + -4). Suppose u - 6*a + 8*a = g, 6 = -2*a. What are the prime factors of u?
2, 83
Let a = 120 - 103. Suppose -18*p + 485 = -a*p. Suppose p = 4*r + n - 503, n = 4*r - 996. What are the prime factors of r?
2, 31
Suppose 0*z + 16 = 4*z. Let u(h) = -59*h + 61. Let y(a) = 208*a - 214. Let c(f) = -18*u(f) - 5*y(f). List the prime factors of c(z).
2, 3, 5
Suppose 0 = -5*c - 1 + 26. Suppose 0 = -c*i - 3*s + 1738, 4*i = 3*s + 1625 - 240. What are the prime factors of i?
347
Suppose -14*w + 3553 + 11139 = 3296. List the prime factors of w.
2, 11, 37
Suppose -4*b + 7990 = -2*q, -b - q = -1681 - 312. What are the prime factors of b?
2, 499
Let b be (-431)/(-1) + 0 - (0 + -2). Let c = -144 + b. What are the prime factors of c?
17
Suppose -2*f = -10*s + 12*s - 6, 0 = 2*f - 4*s. What are the prime factors of 1852/f*(-10)/(-20)?
463
Suppose -4*m + 3*d = 2*d, 0 = -m - 5*d. Suppose 11*f + 66 - 3839 = m. What are the prime factors of f?
7
Suppose 0 = 4*v - 28, -135731 - 1248 = -2*b - 5*v. List the prime factors of b.
2, 3, 317
Suppose 50 = 20*l - 10*l. Let g(d) = -11*d - 9*d**2 + d**2 + 3 + l*d + 2*d**3. List the prime factors of g(7).
3, 5, 17
Suppose -3*a + 3*l + 128244 = 0, 67*l = 63*l + 32. List the prime factors of a.
2, 3, 7, 509
Let d(h) = -88*h + 7. Let z be d(-2). Suppose z = 3*f - 5*k + 13, -53 = -f - 2*k. List the prime factors of f + -1 - 1 - (-21)/21.
2, 3
Suppose -2*h = -j - 1227, 2*j + 34 = 28. What are the prime factors of h?
2, 3, 17
Suppose -f - 6 = 2*f. Let n be f + 0 + (-3 + -1)/2. What are the prime factors of n/6 - (-275)/3?
7, 13
Suppose 5774 - 2805508 = -217*g. What are the prime factors of g?
2, 6451
Let j(m) be the first derivative of m**4/4 - m**3/3 + m**2 - 10*m + 30. Let i be j(-7). Let x = i + 620. What are the prime factors of x?
2, 3, 17
List the prime factors of -10*20/200 - 5308/(-1).
3, 29, 61
Suppose -270 + 259 = -11*c. Let g(l) = 914*l**3 + 2*l**2 - 5*l + 4. What are the prime factors of g(c)?
3, 5, 61
Suppose -24*q + 21*q - m = -6012, 5*q - 2*m = 10020. List the prime factors of q.
2, 3, 167
Suppose -2*w - 1397 = 9*w. Let x = w - -952. What are the prime factors of x?
3, 5, 11
Suppose -2*q - 2 = 0, 2*x + 4*q = x + 29. Let d be (3/3 + 0)*(3 + x). Suppose -39*p + d*p = -282. What are the prime factors of p?
2, 47
Let a(k) = k - 2. Let s(c) = 7*c - 22. Let o(v) = 6*a(v) + s(v). Let h be 10 - (-4)/(16/(-12)). List the prime factors of o(h).
3, 19
Let w = -439 + -500. Let i = w - -1636. What are the prime factors of i?
17, 41
Let j = -1 - -5. Suppose 9 + 6 = -k + 4*d, j*d = 2*k + 14. What are the prime factors of 97*(2 - 0 - k)?
97
Suppose 3*s = -y + 2815, -6*s - 5*y = -10*s + 3766. What are the prime factors of s?
3, 313
Suppose 0 = -62*i + 225280 + 123904. What are the prime factors of i?
2, 11
Let u(z) = 40*z - 38*z + 162 - z**2 + 2*z**2. Let g be (-1 - -3) + 2/(-1). What are the prime fac